{"id":121,"date":"2017-03-06T15:08:12","date_gmt":"2017-03-06T15:08:12","guid":{"rendered":"http:\/\/uviger.fausac.gt\/?page_id=121"},"modified":"2017-03-27T10:28:18","modified_gmt":"2017-03-27T16:28:18","slug":"121-2","status":"publish","type":"page","link":"http:\/\/uviger.fausac.gt\/?page_id=121","title":{"rendered":""},"content":{"rendered":"<p><strong>Misi\u00f3n<\/strong><\/p>\n<p style=\"text-align: justify;\"><span style=\"font-family: 'Georgia','serif'; color: #333333;\">La Unidad de Vinculaci\u00f3n y Gesti\u00f3n de recursos en la organizaci\u00f3n de la Facultad de Agronom\u00eda es responsable de desarrollar los mecanismos y estrategias de vinculaci\u00f3n \u00a0con los diferentes sectores de la sociedad, a nivel nacional e internacional de establecer las relaciones para consecuci\u00f3n de recursos y de coordinar la ejecuci\u00f3n de proyectos.<\/span><\/p>\n<p style=\"text-align: justify;\"><strong>Visi\u00f3n \u00a0\u00a0<\/strong><\/p>\n<p style=\"text-align: justify;\"><span style=\"font-family: 'Georgia','serif'; color: #333333;\">Interactuar de forma continua y constante con los distintos sectores de la sociedad que se relacionan con la agricultura, el ambiente, el desarrollo rural y forestal y la conservaci\u00f3n de los recursos, para que la facultad de Agronom\u00eda utilice sus recursos a favor de generar desarrollo para la sociedad.<\/span><\/p>\n","protected":false},"excerpt":{"rendered":"<p>Misi\u00f3n La Unidad de Vinculaci\u00f3n y Gesti\u00f3n de recursos en la organizaci\u00f3n de la Facultad de Agronom\u00eda es responsable de desarrollar los mecanismos y estrategias de vinculaci\u00f3n \u00a0con los diferentes sectores de la sociedad, a nivel nacional e internacional de establecer las relaciones para consecuci\u00f3n de recursos y de coordinar la ejecuci\u00f3n de proyectos. Visi\u00f3n<\/p>\n","protected":false},"author":2,"featured_media":0,"parent":0,"menu_order":0,"comment_status":"closed","ping_status":"closed","template":"","meta":[],"_links":{"self":[{"href":"http:\/\/uviger.fausac.gt\/index.php?rest_route=\/wp\/v2\/pages\/121"}],"collection":[{"href":"http:\/\/uviger.fausac.gt\/index.php?rest_route=\/wp\/v2\/pages"}],"about":[{"href":"http:\/\/uviger.fausac.gt\/index.php?rest_route=\/wp\/v2\/types\/page"}],"author":[{"embeddable":true,"href":"http:\/\/uviger.fausac.gt\/index.php?rest_route=\/wp\/v2\/users\/2"}],"replies":[{"embeddable":true,"href":"http:\/\/uviger.fausac.gt\/index.php?rest_route=%2Fwp%2Fv2%2Fcomments&post=121"}],"version-history":[{"count":2,"href":"http:\/\/uviger.fausac.gt\/index.php?rest_route=\/wp\/v2\/pages\/121\/revisions"}],"predecessor-version":[{"id":187,"href":"http:\/\/uviger.fausac.gt\/index.php?rest_route=\/wp\/v2\/pages\/121\/revisions\/187"}],"wp:attachment":[{"href":"http:\/\/uviger.fausac.gt\/index.php?rest_route=%2Fwp%2Fv2%2Fmedia&parent=121"}],"curies":[{"name":"wp","href":"https:\/\/api.w.org\/{rel}","templated":true}]}}